27. List the prime factors of n.
2, 3, 673
Let y(d) = d**2 + 6*d - 7. Let l be y(-6). Suppose -2*i - 24 - 48 = -4*s, -205 = 5*i - 5*s. Let c = l - i. What are the prime factors of c?
3, 13
Suppose -6*k = -3*k + 3*b + 3, -4*b - 8 = 0. What are the prime factors of (-36)/(-10)*(k + 4)?
2, 3
Suppose -u - 2*z + 19 = -0*z, -3*u + 71 = -z. Let h = u + -21. Let q(d) = 7*d**3 - 2*d**2 + 4*d - 2. List the prime factors of q(h).
2, 3
Suppose 3*u + 2*r - 3157 = 0, 4*u - 5*r - 1312 = 2928. What are the prime factors of u?
5, 211
Let f(d) = -d**3 - 5*d**2 + 3*d + 35. Let x(k) = -k**3 - 4*k**2 + 2*k + 34. Let m(u) = -3*f(u) + 4*x(u). List the prime factors of m(0).
31
Suppose 4*j - b + 5 - 2 = 0, 2*b = 6. Let w be 1 + (j - -1 - 2). Suppose 4*m = -w*m + 48. What are the prime factors of m?
2, 3
Let r(u) = u + 1. Let q be r(2). Suppose 0*b + 9 = q*b. List the prime factors of 5/(92/(-32) + b).
2, 5
List the prime factors of (4/((-36)/(-8793)))/1.
977
Let g(d) = -d**2 - 6*d - 5. Let r(j) = j**2 + j - 1. Let f(b) = -g(b) + r(b). Suppose 0 = 2*q + 2*q + 16. List the prime factors of f(q).
2
Suppose -2*t - 7*h + 1642 = -9*h, 0 = 4*t + 2*h - 3272. List the prime factors of t.
3, 7, 13
List the prime factors of 16/(-8) + 1521 - 0.
7, 31
Suppose -4*j + 3 = -369. Let o = -60 + j. What are the prime factors of o?
3, 11
What are the prime factors of 5/(-51 - -6)*-3*3909?
1303
Suppose 0 = -259*t + 313*t - 119016. List the prime factors of t.
2, 19, 29
Suppose 28*l - 23*l - 18273 = s, 0 = -3*l + s + 10963. What are the prime factors of l?
5, 17, 43
Suppose 0 = -4*p + 15 + 37. Let c = p + -10. List the prime factors of 2 + (3 - c - -17).
19
Let c = -15 - 183. Let o = 277 + c. What are the prime factors of o?
79
Suppose 0*c + 2*a + 374 = -4*c, -5*a = -3*c - 313. What are the prime factors of 2 + (51/6)/((-4)/c)?
2, 103
Let m(i) = -i**3 + i**2 + i - 1. Let s be m(5). Let z be ((-4)/6)/((-2)/s). List the prime factors of 12*-4*12/z.
2, 3
Suppose -2*a - 68 = 8. Let b = a + 63. List the prime factors of b.
5
What are the prime factors of 10/(-25)*(-695 + 0)*6?
2, 3, 139
Suppose 2004 = g - 2*p, 5*g - 4*p = 5264 + 4756. List the prime factors of g.
2, 3, 167
Suppose d = -0*d + 27. What are the prime factors of d?
3
Let j(a) = -a + 18. Let v = 22 + -14. What are the prime factors of j(v)?
2, 5
Let o(w) = 13*w**3 - 3*w**2 - 3*w - 3. Let c be o(-5). Let k be c/(-6) + (-14)/(-21). What are the prime factors of k/15 + 2/10?
19
Let o = 419 + -267. List the prime factors of o.
2, 19
Let j(s) = s**3 - 4*s**2 + 19*s - 82. What are the prime factors of j(8)?
2, 163
Suppose 4*l = 431 + 413. Let b = l + -99. List the prime factors of b.
2, 7
Let k(w) = 525*w + 1239. List the prime factors of k(6).
3, 7, 11, 19
Let q be 2 + (-12)/8*4/(-6). Let t be 35 + (1 - (1 - 1)). Let m = t - q. What are the prime factors of m?
3, 11
Suppose 125*n + 408 = 126*n. List the prime factors of n.
2, 3, 17
Let g(a) = 184*a**2 - 15*a + 24. List the prime factors of g(2).
2, 5, 73
Suppose 0 = -4*l + 314 - 14. Suppose z + 19 = l. List the prime factors of z.
2, 7
Let m(t) = 10*t**3 - 148*t**2 - 16*t + 40. List the prime factors of m(15).
2, 5
Let g be (-7 - -6)/((-1)/2). Let o be -6 + g + (-66 - 1). Let f = 127 + o. What are the prime factors of f?
2, 7
Let j(l) = -55*l + 691. List the prime factors of j(-6).
1021
Suppose 0 = x - 2. Suppose -x*n + 52 = -2. List the prime factors of n.
3
Suppose 4*v - 6*v = 5*o - 1781, 3*v + 1056 = 3*o. What are the prime factors of o?
5, 71
Suppose -4*y + 6180 = l, y + 17*l - 1545 = 15*l. What are the prime factors of y?
3, 5, 103
What are the prime factors of ((-1)/(-3))/((-13)/(-26130))?
2, 5, 67
List the prime factors of (-3 - -1 - -3) + -16 + 173.
2, 79
Let u(q) = -192*q**3 + 3*q**2 + q. Let b be u(-1). What are the prime factors of b + 1 + (-6)/(-2) + -4?
2, 97
Let d = 426 - 412. What are the prime factors of d?
2, 7
Suppose 4*n - f + 49 = 0, -4*f + 2 - 22 = 2*n. What are the prime factors of (-2 - (0 + 1)) + (-744)/n?
59
Suppose f + 5*p = 527, -1729 = -4*f - p + 322. Suppose -3*y + 5*y + 185 = -5*v, -4*v + f = -5*y. Let r = y - -148. What are the prime factors of r?
2, 3
Suppose -18 = -2*h - o - 51, -o = -h - 9. Let q(g) = g**3 + 13*g**2 - 14*g - 10. Let l be q(h). List the prime factors of -3 + (-6)/4*l.
2, 3
Let k(b) = 16*b + 13. Let w be k(3). Let v = 119 - w. List the prime factors of v.
2, 29
Let f = -87 + 228. Suppose 3*t = f + 54. List the prime factors of t.
5, 13
Let u = -60 + 63. Suppose 5*y - 500 = u*y. List the prime factors of y.
2, 5
Let c be (154/35)/(2/(-10)). Let n = c + 25. What are the prime factors of 63 - (-1)/(-3)*n?
2, 31
Suppose -55 = 2*x + 3*n, -4*x + 4*n = 8*n + 108. List the prime factors of (x/10)/(9/(-495)).
11, 13
Let a be -8 + 4 + -86 + 0. Let p = 161 + a. What are the prime factors of p?
71
Let b(n) = -n**3 - 9*n**2 + 13*n - 14. Let q be (3/(3/(-11)))/(-3 + 4). What are the prime factors of b(q)?
5, 17
Let h(c) = -4*c**2 - 4 + 8*c + 3*c**2 + 2*c**2 - 4*c. Let d be h(-4). List the prime factors of (-105)/14*d/1.
2, 3, 5
Let w be (-6 + 3 - 23)/1. Let t = 120 - w. Suppose 2*l + t = 4*l. What are the prime factors of l?
73
Suppose 59 = w - 9. Suppose -1092 - w = -4*m. What are the prime factors of m?
2, 5, 29
Let y(k) = 6*k**2 + k + 1. Let j be y(-1). Let q(d) = d**2 + 2*d + 5. What are the prime factors of q(j)?
53
Let u = -160 + 247. Suppose o = u + 75. List the prime factors of o.
2, 3
Let s = -2985 + 5035. What are the prime factors of s?
2, 5, 41
List the prime factors of (74 - -1)*(-11)/(220/(-624)).
2, 3, 5, 13
Suppose d + 0 + 1 = -v, -5*v = -5*d + 35. Suppose -4 = -3*t + 2*w, -d*t + 4*w + 0 = 4. Suppose -135 = t*y - 9*y. List the prime factors of y.
3
Suppose -673 = -3*j + 446. Suppose -4*d + j = -39. List the prime factors of d.
103
Let d = 865 - 183. List the prime factors of d.
2, 11, 31
Let b(j) = -2*j - 13. Let g be b(13). List the prime factors of (-1556)/(-26) - 6/g.
2, 3, 5
Let p = 27 - -9. Let o be (-2)/(-1) - 6/(-3). List the prime factors of (414/p)/(2/o).
23
Let c(l) = -3*l + 4. Let r be c(-2). What are the prime factors of 2 - (-788)/r - (-1)/5?
3
Let k(n) = -25*n - 338. What are the prime factors of k(-27)?
337
List the prime factors of (-8928)/(-80)*(51/2 - 3).
3, 31
Let b = -206 - -262. List the prime factors of b.
2, 7
Let t(a) = 2*a**2 - 8*a + 32. List the prime factors of t(-16).
2, 3, 7
Suppose 28*f - 25*f - 2172 = 0. List the prime factors of f.
2, 181
Let i be (-1)/4 + 6*(-182)/(-16). Suppose -6*p - i = -236. What are the prime factors of p?
2, 7
Let w = 29 + -24. Let v(c) = c**2 - 3 + c + 3*c**2 + c**3 + w - 3. What are the prime factors of v(-3)?
5
Let l be 178/3 - 6/(-9). Let m be l/3*6/15. Let g = m - -2. List the prime factors of g.
2, 5
Let j(c) be the first derivative of 2*c**3/3 - 11*c**2/2 + c + 14. List the prime factors of j(6).
7
Let y(s) = -3*s**3 - 9*s**2 + 24*s - 14. Let g(u) = -7*u**3 - 17*u**2 + 48*u - 27. Let z(n) = 2*g(n) - 5*y(n). What are the prime factors of z(-12)?
2, 5
Let a(l) = l**2 + 2*l - 3. Let m = -64 + 54. What are the prime factors of a(m)?
7, 11
Suppose -5*q = -4*q + 9. Let l = -3 - q. Let z = 23 - l. List the prime factors of z.
17
Suppose 0 = -5*v - o + 1946, -4*v - 6*o + 1540 = -o. Suppose -v = -6*p - 0*p. What are the prime factors of p?
5, 13
What are the prime factors of (2059/(-284))/((-1)/228)?
3, 19, 29
Suppose 0 = -r + 5*r - 16. Suppose 220 = -49*n + 71*n. Suppose -n = -6*a + r*a. List the prime factors of a.
5
Let o(f) = 11*f + 151. List the prime factors of o(-13).
2
Let h = 9 - 9. Suppose h = -4*v + 3*w - 3 - 0, -12 = v + 3*w. Let z = 11 - v. What are the prime factors of z?
2, 7
Suppose 20 = 4*h - 2*i, -3*h + 3*i = -8*h + 14. Suppose b + 47 = 4*t + 192, -h*b + t = -535. List the prime factors of b.
7, 19
Let b = 95 + -29. Let c = 2 + b. List the prime factors of c.
2, 17
Suppose -6*w = -w - 100. List the prime factors of 0 - 200/(w/(-4)).
2, 5
Let h(q) = -67*q. Let a be h(1). Suppose x = -3*y + 61 + 60, 226 = 2*x - 2*y. Let u = x + a. List the prime factors of u.
2, 3
Let v be (-1 + 2 + 2)*(-3 + 4). Suppose -i + 3*k + 106 = -34, v*i = -5*k + 448. List the prime factors of i.
2, 73
Suppose 82 = 4*n - n + t, -n + 22 = -5*t. Let p = n + -12. Let y = p - -1. List the pri